3*m. What are the prime factors of q(7)?
2, 3
Suppose -4*f = -3*j - 2*f + 887, -3*f = -3*j + 888. Suppose 29 = 3*s - j. What are the prime factors of s*((-4)/(-8) + 0)?
2, 3
Suppose -3*b - b = 2*h - 32, 3*h + 22 = 4*b. Let i be 22896/21 + (-2)/b. List the prime factors of i/55 + 4/22.
2, 5
Suppose -77*v = -84*v + 3115. List the prime factors of v.
5, 89
Let q(m) = -4*m + 3. Let d(v) = 5*v - 3. Let t(f) = 3*d(f) + 4*q(f). Let b = -105 - -97. List the prime factors of t(b).
11
Let c(n) = -n**3 + 18*n**2 + n + 11. Suppose -44 + 170 = 7*k. List the prime factors of c(k).
29
Let d be 24/(-5)*(-5 - 0)*1. Let h = d + 2. List the prime factors of h.
2, 13
Let z = 56 - 36. Suppose -45 = -n - 4*g, 2*n - 3*n + z = -g. Suppose -91 + n = -m. List the prime factors of m.
2, 3, 11
Suppose -i + 4*i = -3*n + 39, 3 = -3*i. Let k = -247 + 255. Let x = n - k. List the prime factors of x.
2, 3
Let y(g) = -g**3 + 14*g**2 - 10*g - 35. List the prime factors of y(12).
7, 19
Suppose -5*i + 4*q = -1991, -37*q + 40*q + 1592 = 4*i. What are the prime factors of i?
5, 79
Suppose -70*m + 5*m = -81900. What are the prime factors of m?
2, 3, 5, 7
Let h be 238/(-8) + 115/20 + -6. List the prime factors of ((-107)/(-6))/((-5)/h).
107
Let m(f) = 4*f**3 + 2*f**2 - 3*f + 2. Let r be m(3). Let t = r + -47. List the prime factors of t.
2, 3
Let w be (-16)/(9/((-252)/8)). Let c = 108 - w. List the prime factors of c.
2, 13
Suppose 13*a - 210 = 8*a. Let k be a/9*(91 - -2). Suppose -4*w = 3*w - k. What are the prime factors of w?
2, 31
Let f = -427 + 1088. List the prime factors of f.
661
Suppose 5*a + 2*v + 47 + 66 = 0, 5*a = -3*v - 112. Let x = a + 101. What are the prime factors of x?
2, 3, 13
Let k = 6 - 34. Let s = -17 - k. Let r = 28 - s. What are the prime factors of r?
17
Let r(p) = -202*p**3 - p**2 + 4*p + 14. List the prime factors of r(-3).
13, 419
Suppose 739 = 4*s + z, -z + 15 = 20. List the prime factors of s.
2, 3, 31
Suppose -4*g = -28 + 12. What are the prime factors of g/(-5 - -1)*(-16 + -1)?
17
Let o be 16/(-2) - (6 - 4). What are the prime factors of (-24)/60 + (-614)/o?
61
Suppose -4*s + 5*s - 73 = c, 5*c = 2*s - 140. What are the prime factors of s?
3, 5
List the prime factors of 425/(-2)*(192/40)/(-6).
2, 5, 17
List the prime factors of 397 + (2 + 0)/(8/(-20)).
2, 7
Let s(y) be the first derivative of 0*y**3 + 15/2*y**4 + 6 - y + 0*y**2. List the prime factors of s(1).
29
Suppose 0*w + 471 = 3*w - 3*s, 3*w + s = 483. Let l = w - 96. Let q = -25 + l. What are the prime factors of q?
3, 13
Let p = -4 - -5. List the prime factors of (1386/4)/7*p*2.
3, 11
What are the prime factors of (-8926)/(-10) - 30/(-75)?
19, 47
Let f = 1397 + -935. Let b = -422 - -419. What are the prime factors of 2/b - f/(-18)?
5
Suppose -2*s - 284 = -942. Suppose -s = -2*t - 99. What are the prime factors of t?
5, 23
Let t be (7*-2)/2 - (-4)/(-4). What are the prime factors of ((-6)/t)/((-2)/(-240))?
2, 3, 5
Let o = 1944 - -293. What are the prime factors of o?
2237
Let z be 1 - 4 - (-10 + 3). Suppose z*u + 6*s - 3*s - 1 = 0, -4*u = -5*s - 9. Suppose -w = u, 3*w - 139 = -5*d - 37. List the prime factors of d.
3, 7
Let k(h) = -5*h + 2. Let q be k(-6). Suppose q = 5*j - 3*j. Suppose 0*f - j = -f. List the prime factors of f.
2
Let l(f) = -f**3 + 5*f**2 + 7*f + 3. Let a(r) = 3*r**2 + 3*r - 2*r**2 + 9 + r - 15. Let s be a(-6). List the prime factors of l(s).
3
Let m = -8 - -14. List the prime factors of ((-1)/(m/153))/(3/(-12)).
2, 3, 17
Suppose r = -4*k + 99 + 568, 0 = -5*r - 3*k + 3335. List the prime factors of r.
23, 29
Let q = -32 - -29. Let l be ((-36)/q)/((-6)/(-16)). Let s = 55 - l. List the prime factors of s.
23
Let r = -217 + 359. Suppose 5*i - 617 = -r. List the prime factors of i.
5, 19
What are the prime factors of (-67024)/(-1420)*1*(-5)/(-2)?
2, 59
Let s = -11 - -14. Suppose 2*k = -3*g - 0*k + s, -g + 15 = -4*k. List the prime factors of g.
3
Let c = 13 - 10. Let v(q) = -q + 0*q - c*q + 0*q. List the prime factors of v(-9).
2, 3
Let s(m) = -4*m**2 + 16*m - 12. Let c(x) = 11*x**2 - 47*x + 36. Let z(w) = -3*c(w) - 8*s(w). Suppose -10 = -3*i + i. What are the prime factors of z(i)?
2, 7
Suppose -14 = -2*c + k - 5*k, 3*k = 15. Let w be c/((-9)/6*-1). What are the prime factors of -1 + -9*w/3?
5
Let t(y) = 3*y - 2. Let l = 11 + -3. Suppose -4 + l = i. What are the prime factors of t(i)?
2, 5
Suppose 391 + 437 = 18*d. List the prime factors of d.
2, 23
Let l(y) be the second derivative of y**5/20 + 7*y**4/6 + 3*y**3 - 19*y**2/2 + 53*y. What are the prime factors of l(-10)?
3, 67
Let v = 530 + -251. Let i = v - 87. What are the prime factors of i?
2, 3
Suppose -5*z + 29 + 61 = 0. Let f = z + -13. Suppose 0 = -4*q - a + 232, f*q - q - 2*a = 220. List the prime factors of q.
3, 19
Suppose -474 = -7*c + 499. Let h = 361 - c. What are the prime factors of h?
2, 3, 37
Let q be 3/(-2)*(-1274)/147. Suppose 0 = -2*l - 3*t - 4, -2*l + t + 2 = 6. Let w = q - l. What are the prime factors of w?
3, 5
Suppose 20 + 5 = 5*y. Suppose 0*x + x - 1 = -p, 29 = -p + y*x. List the prime factors of p/(-10) + (-384)/(-15).
2, 13
Suppose 134*d = 130*d - 96. List the prime factors of (-2)/(4/(-438)) + (-21 - d).
2, 3, 37
Let w be 2/(-6) - 1/(-3). Suppose 3*q + 5*x - 47 = w, -4*q + 71 = -2*x + 7*x. List the prime factors of q.
2, 3
Suppose -4*l + 2390 = -5*y, 5*y + 3 = 13. List the prime factors of l.
2, 3, 5
Let k(y) = 2*y + 44. Let f be k(-14). Let n(t) = -2*t**3 + 33*t**2 - 2*t - 21. What are the prime factors of n(f)?
7, 29
Let a = 20 - -120. Suppose 4*d = -d + a. What are the prime factors of ((-4)/d - -1)*21?
2, 3
Let w = -450 - -641. What are the prime factors of w?
191
Let i = -147 + 147. Suppose -5*s = -3*s - 3*g - 23, 4*g = -20. Suppose i*b = -s*b + 164. What are the prime factors of b?
41
Let n = 154 - 151. Suppose 0 = n*b - 686 - 172. What are the prime factors of b?
2, 11, 13
Suppose -5*p - 5*o = -2825, 0 = 3*p - 6*p + 5*o + 1711. List the prime factors of p.
3, 7
Let r(x) = 2*x**3 - 36*x**2 - 4*x - 45. What are the prime factors of r(21)?
3, 839
Let x be 27/5 - (-22)/(-55). Let k(q) = 6*q**2 + 8*q + 46. Let w(z) = 5*z**2 + 7*z + 45. Let r(t) = x*w(t) - 4*k(t). What are the prime factors of r(0)?
41
Let u(t) be the first derivative of t**3/3 - 2*t**2 - 3*t + 11. What are the prime factors of u(5)?
2
Let m = -8 + 17. Let w = 5 + m. Suppose f + w = -4*s, 3*f + 2*s - 6 = 2. List the prime factors of f.
2, 3
Suppose 533 = 4*l - 10079. List the prime factors of l.
7, 379
Suppose -4*n = 20, f - 2*n - 3*n - 28 = 0. Suppose 0 = -5*d - 4*t + 1091, 891 = f*d + 3*t + 237. What are the prime factors of d?
3, 73
Let b = -2530 + 4287. List the prime factors of b.
7, 251
Let x(s) = -153*s. Let c be x(-1). Suppose -107 - c = -2*y. What are the prime factors of y?
2, 5, 13
Let c(f) = -f**3 + 2*f**2 + 2*f + 2. Let a(w) = w - 4. Let o be a(7). Let y be c(o). What are the prime factors of (-42 + y - -1)/(-2)?
3, 7
Suppose -21*u + 17400 = 9*u. What are the prime factors of u?
2, 5, 29
Let y(v) = -3*v - 9. Let z be y(-4). Let j(i) = 3*i**2 + 3*i - 8. List the prime factors of j(z).
2, 7
Let y be (12/3 - 0) + 4. Suppose y*d = 12*d - 284. What are the prime factors of d?
71
Suppose 0 = 3*l - 9, l - 2735 = -3*y + 964. List the prime factors of y.
2, 7, 11
Suppose 3*m = 3*q + 12474, 5*q - 15 = 10. List the prime factors of m.
23, 181
Let a = 243 - -67. What are the prime factors of a?
2, 5, 31
Suppose -24*w - 137 = -25*w - 3*b, 0 = 2*w + 3*b - 277. What are the prime factors of w?
2, 5, 7
Suppose 2*r = -3*r + 25. Suppose r*c - 50 = -0*c. List the prime factors of c.
2, 5
Suppose -5*d + 4*t = -1037, t - 15 = 6*t. List the prime factors of d.
5, 41
Let u(n) = n**3 - 31*n**2 + 5*n - 58. List the prime factors of u(31).
97
Let r be (-6 - 0)/(-1*2). Let k = 10 - r. Suppose 0 = -k*o + 2*o + 65. What are the prime factors of o?
13
Let j(b) = -b**3 - 5*b**2 - 2*b - 11. Let a be j(-4). Let f = 46 + a. What are the prime factors of f?
3
Suppose n - 6*n - b + 6 = 0, b + 4 = 5*n. Let h be (-7)/((-728)/400) + (-6)/(-39). Suppose 0 = -h*c - n + 185. List the prime factors of c.
2, 23
Let i = -1155 + 1292. List the prime factors of i.
137
Suppose -2*v = -5*c - 9, -3*v = v + c - 7. List the prime factors of v + -2 + 0 + 82.
2, 41
Let y